the highest common divisor of 35217819 and 2457?
819
Calculate the highest common factor of 50 and 757080.
10
Calculate the highest common factor of 188004028 and 1192.
596
What is the highest common divisor of 32200 and 1515976?
1288
What is the greatest common divisor of 748 and 108866708?
68
What is the highest common factor of 41647860 and 870?
30
Calculate the highest common divisor of 117901628 and 104.
52
Calculate the greatest common divisor of 300 and 1162168050.
150
What is the highest common factor of 329712 and 8?
8
Calculate the greatest common divisor of 6 and 45848181.
3
Calculate the highest common factor of 1049254 and 14050.
562
Calculate the greatest common factor of 9096 and 27050367.
1137
Calculate the greatest common divisor of 2093 and 37076.
299
What is the greatest common divisor of 338784 and 680?
8
Calculate the greatest common factor of 996586420 and 60.
20
What is the greatest common divisor of 5895 and 209565?
45
Calculate the highest common divisor of 987155348 and 292.
292
Calculate the highest common factor of 234 and 48860500.
26
Calculate the greatest common divisor of 2590 and 205757.
37
What is the highest common factor of 47245533 and 6460?
323
What is the greatest common divisor of 1631490 and 3094?
238
What is the highest common factor of 598199204 and 3493?
499
Calculate the greatest common divisor of 653 and 243765553.
653
What is the greatest common divisor of 560 and 8581520?
80
What is the highest common divisor of 40121765 and 45?
5
What is the highest common divisor of 101424448 and 33202?
2554
Calculate the highest common factor of 9568 and 1574092.
52
Calculate the highest common divisor of 8015483 and 19544.
2443
What is the highest common divisor of 2543500 and 604?
4
What is the greatest common factor of 10987256 and 112?
56
What is the greatest common factor of 5228 and 132542870?
2614
Calculate the highest common factor of 554339 and 28969.
491
Calculate the highest common divisor of 4667 and 281801.
13
Calculate the greatest common factor of 194560444 and 663.
221
What is the highest common divisor of 28 and 47850256?
4
Calculate the greatest common factor of 93195754 and 19496.
4874
What is the highest common factor of 471 and 644199?
3
What is the greatest common divisor of 270389100 and 160?
20
What is the greatest common divisor of 2188215 and 1080?
135
What is the highest common factor of 1685 and 130162880?
1685
Calculate the greatest common divisor of 4460 and 1021550.
10
What is the highest common divisor of 24712450 and 2114?
14
What is the highest common divisor of 10610 and 8337338?
2122
Calculate the greatest common divisor of 1283138010 and 8820.
4410
Calculate the highest common divisor of 167458 and 27674.
202
Calculate the highest common factor of 73458 and 3222.
18
What is the greatest common factor of 79 and 26074424?
79
What is the highest common factor of 123689580 and 10?
10
Calculate the greatest common factor of 3371727 and 15.
3
What is the greatest common divisor of 6062745 and 9045?
15
What is the highest common factor of 13 and 145828475?
13
Calculate the highest common factor of 304 and 1762212.
76
What is the highest common divisor of 1200165356 and 692?
692
What is the highest common divisor of 312670 and 90?
10
Calculate the highest common factor of 625142 and 4116.
98
What is the highest common factor of 26408 and 2659?
1
Calculate the highest common divisor of 816 and 3224688.
48
What is the greatest common factor of 6902 and 73906?
14
What is the highest common factor of 47683 and 41451?
41
What is the greatest common divisor of 516213 and 81?
81
Calculate the greatest common divisor of 98075 and 2725.
25
Calculate the greatest common factor of 7692 and 22847804.
2564
Calculate the highest common factor of 42 and 20631044.
14
Calculate the greatest common divisor of 775174839 and 2559.
2559
What is the greatest common divisor of 231 and 47867666?
77
Calculate the highest common divisor of 220108 and 11956.
196
What is the highest common factor of 7140052 and 20212?
652
What is the greatest common factor of 1208537 and 163262?
1991
What is the highest common factor of 8946380 and 20?
20
Calculate the highest common factor of 408192 and 14940.
12
What is the greatest common factor of 406 and 113151823?
29
Calculate the highest common divisor of 17632 and 206828.
116
What is the greatest common factor of 8175095 and 2225?
445
Calculate the highest common factor of 5042 and 7728659952.
5042
Calculate the highest common divisor of 49 and 13.
1
Calculate the highest common divisor of 5488 and 464240.
112
What is the greatest common factor of 54736234 and 245?
49
What is the highest common divisor of 35 and 1320665045?
35
Calculate the highest common factor of 5921 and 16807.
1
What is the highest common divisor of 20360796 and 96?
12
Calculate the highest common divisor of 24876 and 492.
12
What is the highest common divisor of 31355 and 11145?
5
What is the highest common divisor of 216821324 and 4852?
4852
Calculate the highest common divisor of 9870 and 102390.
30
What is the highest common factor of 23775012 and 3132?
3132
Calculate the highest common divisor of 228 and 475266.
114
What is the greatest common factor of 4926089 and 15645?
1043
Calculate the highest common divisor of 23992765 and 1135.
1135
Calculate the greatest common factor of 19041 and 1598619.
33
Calculate the highest common divisor of 1780 and 31444145.
445
What is the greatest common divisor of 739426 and 15538?
914
Calculate the highest common factor of 82 and 38698.
2
What is the highest common divisor of 4509 and 3831147?
1503
What is the greatest common divisor of 72630 and 2857590?
90
Calculate the highest common divisor of 1816522 and 1484.
106
What is the highest common divisor of 50431610 and 30?
10
Calculate the highest common factor of 107327712 and 236128.
5024
What is the greatest common factor of 15822172 and 1156?
1156
What is the highest common factor of 8334 and 29673207?
4167
What is the greatest common factor of 71108 and 1508?
116
What is the greatest common divisor of 4134 and 3664791?
2067
Calculate the highest common factor of 25230 and 767340.
870
What is the highest common divisor of 54 and 14666454?
54
What is the highest common divisor of 14144976 and 384?
48
What is the greatest common divisor of 1296 and 49965336?
648
What is the highest common divisor of 2540 and 21045170?
1270
What is the highest common factor of 9018720 and 900?
180
Calculate the highest common divisor of 82944 and 1081512.
648
Calculate the highest common divisor of 7 and 4326272370.
7
Calculate the greatest common divisor of 115704 and 49.
1
What is the highest common factor of 3 and 2521752?
3
Calculate the highest common factor of 1096 and 582667576.
1096
Calculate the highest common factor of 148532 and 11276926.
1046
What is the highest common divisor of 2102502276 and 28?
28
Calculate the highest common factor of 7 and 7889063.
7
Calculate the greatest common factor of 2501441909 and 257.
257
What is the highest common divisor of 1245 and 216746283?
249
What is the greatest common divisor of 63 and 10843047?
9
What is the greatest common divisor of 189 and 11158461?
9
What is the greatest common factor of 841 and 166703861?
841
What is the greatest common divisor of 88787964 and 6?
6
Calculate the greatest common divisor of 950 and 169081.
19
What is the highest common factor of 1570 and 4387679?
157
What is the greatest common divisor of 16780116 and 266?
38
What is the greatest common factor of 58033 and 50697?
131
Calculate the highest common factor of 144243 and 3328446.
1551
What is the greatest common divisor of 269269 and 3377?
11
Calculate the highest common divisor of 1256 and 7116653.
157
Calculate the greatest common factor of 651158347 and 7532.
1883
What is the greatest common divisor of 8536320 and 5265?
1755
What is the greatest common factor of 20646 and 5918334?
186
Calculate the greatest common divisor of 15 and 751625.
5
What is the greatest common divisor of 139 and 68233?
1
Calculate the highest common divisor of 2510524 and 592.
148
Calculate the greatest common factor of 2268188 and 74306.
106
Calculate the greatest common divisor of 189028 and 29068.
172